*m + 3/2*m**2 - 1/12*m**4 - 1/20*m**5 + 0*m**3 + 0. Determine p(k).
3
Let l(c) be the first derivative of -c**5/20 - c**4/2 + c**3/3 + 3*c**2 - 3*c + 7. Let s(a) be the first derivative of l(a). What is s(-6)?
-6
Let w = 88 + -59. Suppose w = 3*k - 10. Let u = -19 + k. Let y(h) = 2*h + 7. Give y(u).
-5
Suppose 5*q = -5*l + 1325, -3*l = -4*q - 0*l + 1039. Let c(t) = q*t - t**2 - 130*t - 129*t. Calculate c(3).
0
Let b(a) = 22*a**3 + a**2 + 3*a - 2*a + 0*a**2 + 6708 - 6709. Suppose -4*p + 4*f = 4, 3*p + 2 = 7*p - f. Give b(p).
23
Suppose -4*d = 5*h - 7 - 0, -3*d - h + 8 = 0. Suppose d = 3*a - 3. Let u(o) = -4 + 50*o**2 - 1 + 4*o - 8*o - 51*o**a. Calculate u(-4).
-5
Let o(m) = -49 + m + 3*m + 146 - 4*m**2 - 46 - 46. Give o(-2).
-19
Let b = 25 - 29. Let j(y) be the second derivative of y**3/2 - 2*y**2 - y. Determine j(b).
-16
Let x(f) = -f**3 - f**2 - 2. Suppose 24 = -0*o - 4*o. Let z = -8 - o. What is x(z)?
2
Let n(b) = -b. Suppose 4*z - 2*z = 2*m - 18, -5*z + 3*m = 41. Let q(u) = u. Let s(o) = z*q(o) - 4*n(o). Determine s(-1).
3
Let v(p) be the third derivative of p**5/30 + p**4/12 + p**3/6 + 26*p**2. Let n(s) = s**2 + s - 1. Let m(b) = 3*n(b) - v(b). Determine m(-3).
2
Let t(a) = 47*a - 8. Let g be t(2). Let w = 87 - g. Let x(i) = -12*i - 1. Determine x(w).
-13
Let x(q) be the second derivative of 2*q**2 - q + 0 - 1/6*q**3. Suppose 0 = 20*y + y - 126. Determine x(y).
-2
Let b(z) = -2*z + 0*z + z. Let r(t) = -12. Let j(g) = 8. Let u(i) = 7*j(i) + 5*r(i). Let n(p) = -2*b(p) + u(p). Determine n(5).
6
Let y(r) = 5*r**3 - 4*r**2 + 2*r - 23. Let v(f) = -9*f**3 + 7*f**2 - 4*f + 41. Let c(z) = -4*v(z) - 7*y(z). Let s = 1 + 1. Calculate c(s).
9
Let k(n) = -6*n - 5. Suppose -2*d - 18 = -0*d - o, -2*d = 2*o + 6. Let w be k(d). Let p(i) = -w + 37 + i. Give p(-6).
-6
Let a(l) = 2*l**2 - 4*l**2 - l**2. Suppose 0 = -c + 5*c - 12. Let m be (2/c)/(16/(-24)). Give a(m).
-3
Let h = -237 - -237. Let k(z) be the second derivative of -z**2 + h + z - 1/3*z**3. Calculate k(2).
-6
Suppose 0 = -2*u + 7 + 17. Let o = u + 3. Suppose -4*w - 20 = 5*k, -3*w + 2*k - k - o = 0. Let c(y) = -2*y - 3. Determine c(w).
7
Let l be (-2)/7 + (-455)/(-49). Let n(y) = 2 - 17 + l + 5*y + 5. Suppose 5*g + 0*g - 5*a = 10, -3*a = 2*g + 21. What is n(g)?
-16
Let p be (-28)/10 + 5/(-25). Let k(a) be the third derivative of a**4/24 - 2*a**3/3 - 1640*a**2. Give k(p).
-7
Let j(i) = i**2 + 17*i - 7. Let c be -2*75/(-20)*36/(-30). Determine j(c).
-79
Let g be 33/44*(5 + -1). Let i(t) = g*t - 11*t + 6*t + 2. Suppose 5*h + 8 + 2 = 0. Give i(h).
6
Let y(g) = -28*g + 12*g + 11*g + 8*g + 1. Suppose -j = 4*j. Suppose j = -5*c + 6*c + 2. What is y(c)?
-5
Let t(y) = -3*y**2 - 3*y + 3. Let x(f) = 4*f**2 + 2*f - 2. Let g(v) = 5*t(v) + 4*x(v). Let j = 69 - 42. Let c = -22 + j. Give g(c).
-3
Let u(a) = a**2 - 6*a - 5. Let n(q) = 24*q**2 - 9*q + 18. Let p be n(2). Let m = 102 - p. Determine u(m).
-5
Let z(y) = -2*y**2 - 10*y + 2. Let c(a) = -3*a**2 - 11*a + 3. Let k(h) = -3*c(h) + 4*z(h). Let l be k(8). Let t(f) = 2*f - 2*f + f + 1 + l. What is t(-6)?
2
Let s(x) = -6*x**3 + 3*x**2 + 6*x + 5. Let v(r) = 13*r**3 - 7*r**2 - 13*r - 11. Let k(y) = -9*s(y) - 4*v(y). Calculate k(-2).
-9
Let m(l) = -l**2 - 13*l + 19. Let w = -2071 + 2056. Give m(w).
-11
Suppose 0 = -12*z - 8*z + 120. Let k(s) = s**2 - 9*s + 13. Calculate k(z).
-5
Let q(l) be the second derivative of l**3/2 - 3*l**2/2 + 18*l + 4. Suppose 2*o - 1 - 7 = 0. Suppose 5*k = -4*s + 28, o*s = -0*s + 2*k. Determine q(s).
3
Let r(i) = 2*i - 3. Let c(s) = s**3 + 2*s**2 - 30*s + 7. Let g(k) = c(k) + 6*r(k). Calculate g(-5).
4
Let c(z) = z**3 + 3*z**2 + z + 3. Suppose -282*l = -272*l + 30. Calculate c(l).
0
Suppose -12*s + 5*s + 6*s = 0. Let i(q) be the third derivative of -1/3*q**3 + s*q - 1/12*q**4 - 1/120*q**6 + 0 - 5*q**2 + 0*q**5. Determine i(-2).
10
Let j(p) = -p**3 + p**2 + p - 3. Let g(b) = 15 + 4*b**2 + 0 + b**3 - 17 - 6*b. Let r be g(-5). Calculate j(r).
-18
Let l(t) = 4*t + 34. Let v(g) = -3*g**2 + 32*g + 38. Let h be v(12). Give l(h).
-6
Let m(r) = -300*r + 608*r - 304*r. Give m(8).
32
Let o(p) = -93*p - 5. Let f(s) = -23*s - 1. Let a(x) = -9*f(x) + 2*o(x). Let v = -41 - -40. What is a(v)?
-22
Let m be (-6)/18 + 70/3. Let n = m - 19. Let b(x) be the second derivative of x**5/20 - x**4/4 - x**3/2 - x**2/2 + 4*x. Give b(n).
3
Let k(q) = q - 4. Let s = 130 - 140. Let r be 0 + 6/s + (-72)/(-20). What is k(r)?
-1
Suppose 5*y - 1 = 4*c, -3*y + 4 = -c + 2. Let b(z) = -58*z - 1. Calculate b(c).
-59
Let t(k) = k - 11. Let l(d) = 3*d - 1. Let p be l(1). Let z(x) = -3*x**p + 2*x**2 + 5*x**2 + 2*x**2 + x. Let m be z(-1). Determine t(m).
-6
Let g(h) = -h**2 + 6*h + 3. Suppose 1 = -p, w - 7*p = -2*p + 12. Determine g(w).
-4
Let s(p) = -p + 2*p - 2*p - 16. What is s(-9)?
-7
Let y = -180 + 182. Let a(c) = -6*c + 2. Calculate a(y).
-10
Let w(f) = 29*f**2 - 11*f**2 + 894*f**3 - 896*f**3 + 2*f - 9. Determine w(9).
9
Let x = -3 - -4. Let o(l) = -l - x + 2 + 0. Let r(i) = 4*i - 15. Let n(b) = 5*o(b) + r(b). Calculate n(-5).
-5
Let c(s) = s**3 - 8*s**2 - 3*s + 4. Suppose -37*t = -42*t - 5*a + 25, t - 2 = -2*a. Determine c(t).
-20
Let v(l) = -8*l + 68. Let q be v(8). Suppose -q - 3 = 7*a. Let o(r) = -9*r. Calculate o(a).
9
Let r(w) be the second derivative of -w**4/12 - 5*w**3/6 + 4*w. Let d(a) be the second derivative of -a**3/2 - 5*a. Let p be d(1). Calculate r(p).
6
Let u(y) = -7*y - 1. Suppose -2*t + 8 + 0 = 0. What is u(t)?
-29
Suppose -6*u = -3*u - 72. Suppose -v - 8 = -3*c, -8 = -4*v - 4*c - u. Let z(h) = -4*h - 2 + 3*h**2 + 1 - 4*h**2. Calculate z(v).
-6
Let j be -3*(-3 + 4)*-1. Suppose 2*p + j = 13. Let l(u) be the first derivative of -u**4/4 + 4*u**3/3 + 3*u**2/2 - u - 4. Give l(p).
-11
Suppose -11 = 5*a + u, -3*a = -7*u + 11*u - 7. Let p(w) be the first derivative of w**3/3 + w**2/2 - 4*w + 1. Determine p(a).
2
Let j(c) = c**2 + 12*c + 9. Let x(w) = 8*w**3 + 2*w**2 - 7*w - 8. Let m be x(-1). Give j(m).
-26
Let t(h) = 6*h**2 + 4*h + 2. Suppose 0 = 2*d - 5*d - 3*l + 30, 0 = 2*d + 4*l - 22. Let a be 3/d + (-7)/3. Give t(a).
18
Let i be 4 + 2/((-4)/(-2)). Let a(p) = -2*p**2 - 11*p + 186. Let v(n) = 3*n - 31. Let w(r) = -a(r) - 6*v(r). Give w(i).
15
Let w(v) be the first derivative of -5*v**2/2 - 6*v - 189. Determine w(-6).
24
Let s = 64 - 60. Let q(l) = l**3 - 5*l**2 + 3*l - 3. Determine q(s).
-7
Let c(q) = 14*q**2 + 4*q + 3. Let l(k) = -3*k**2 - k - 1. Let z(w) = 2*c(w) + 9*l(w). Give z(2).
-1
Let x(q) be the first derivative of -1/2*q**2 + 32 + 4*q. Let u = 18 - 12. Determine x(u).
-2
Let f(a) = a**3 + 8*a**2 + 9*a + 10. Suppose 0 = 3*t - 2*t + 14. Let n(q) = -12*q - 43. Let j be n(-3). Let d = t - j. Give f(d).
-4
Let m(u) = -2*u**2 - 4*u + 3. Let q = 50 - 53. Let a be m(q). Let o(g) = g - 12. Let n(k) = -3. Let z(d) = 9*n(d) - 2*o(d). Calculate z(a).
3
Let s(c) = -c - 6. Let r(p) = 3*p + 21. Let h = -10 + 2. Let i be r(h). Determine s(i).
-3
Let b(y) = y**3 + y**2 - y. Let h(f) = 2*f**3 + 6*f**2 - 7*f + 10. Let i(l) = -b(l) + h(l). Determine i(-6).
10
Let x(i) = 2*i**3 - 2*i**3 + 2*i - i**3 - i**2. Let j be (-170)/6 - 22/33. Let c = j - -27. Give x(c).
0
Let x(u) = -u - 1. Let c(t) = 20*t - 2. Let q be c(-3). Let w = 67 + q. Give x(w).
-6
Let w(o) be the second derivative of o**4/12 - 7*o**3/6 + o**2 + o. Suppose 0 = 16*v - 25 - 7. Suppose j + r = -0*r + 5, -v*r - 14 = -2*j. Give w(j).
-4
Let a(z) be the second derivative of -z**5/20 + z**4/6 - z**3/2 - 3*z + 7. Suppose 0*s = -2*s + 4. Determine a(s).
-6
Let b(h) be the second derivative of -h**3/6 - 5*h**2 + 2*h - 45. Give b(-16).
6
Suppose 48 = -7*d - 260. Let r = -45 - d. Let w(t) = -2*t**2 + t + 1. What is w(r)?
-2
Let v(l) be the third derivative of l**7/840 + l**6/180 - l**5/120 + l**4/8 - 6*l**3 + 36*l**2. Let j(b) be the first derivative of v(b). Give j(-3).
-3
Suppose 3*u - 6*u - 15 = 0, 18 = -k - 4*u. Let r(a) = -2*a + 3*a**2 + 5*a - 87 + 86. Calculate r(k).
17
Let t(v) = -1. Let q(g) = -g**2 - 10. Let r(m) = -q(m) + 5*t(m). Let y be r(-4). Let s(a) = 1 + y*a**3 + 4*a + 5*a**2 - 22*a**3 - 9*a. Give s(4).
-3
Let x be (10 - (19 + -9))/2. Let z(k) = -3*k + 6. Give z(x).
6
Let k(j) = j**3 - 5*j**2 + 5. Let o(f) = -f**2 + 19*f + 21. Let l be o(20). Let m be (2/l - 7) + 9. Give k(m).
-11
Let o(s) = 6*s**2 +